{"id":370,"date":"2024-04-03T13:52:57","date_gmt":"2024-04-03T11:52:57","guid":{"rendered":"https:\/\/roterstern.de\/?page_id=370"},"modified":"2024-07-22T18:54:59","modified_gmt":"2024-07-22T16:54:59","slug":"unsere-11-pflichten-der-spielerkodex","status":"publish","type":"page","link":"https:\/\/roterstern.de\/?page_id=370","title":{"rendered":"Unsere 11 Pflichten \u2013 Der Spielerkodex"},"content":{"rendered":"\n<p>aktuelle Ereignisse machen eine \u00dcberarbeitung dieser Gebote notwendig. <br><br><strong>Unsere 11 Gebote \u2013 Der Spielerkodex<\/strong><br><\/p>\n\n\n\n<ol class=\"wp-block-list\">\n<li>Gegen Rassismus \u2013 f\u00fcr ein offenes und faires Miteinander<br>Der Rote Stern steht in seiner Tradition f\u00fcr den offenen, fairen und toleranten Umgang miteinander<br>und gegen\u00fcber Minderheiten im Besonderen. Als Spieler des Roten Sterns bin ich bereit, diese<br>Einstellung zu 100 Prozent nach au\u00dfen zu repr\u00e4sentieren, zu unterst\u00fctzen und in Konfliktsituationen<br>zu verteidigen. Im Roten Stern gibt es keinen Platz f\u00fcr Rassismus, Nationalismus, Homophobie,<br>Sexismus und jedwede andere Unterdr\u00fcckung von Menschengruppen.<\/li>\n\n\n\n<li>Mein Wert als Spieler f\u00fcr den Verein<br>Der Wert des Spielers f\u00fcr den Verein bemisst sich nicht an seinem sportlichen K\u00f6nnen oder seiner<br>k\u00f6rperlichen Leistungsf\u00e4higkeit. Wertvoll und unersetzlich f\u00fcr den Verein und seinen Fortbestand<br>sind Attribute wie Hilfsbereitschaft, Engagement, Trainingsbeteiligung und soziale Kompetenzen.<br>Dementsprechend soll jeder Spieler, der aktiv am Vereinsleben teilnimmt und zur Mitgestaltung<br>bereit ist, seine Spielzeit bekommen. Als Spieler g\u00f6nne ich jedem meiner Mitspieler die Chance, sich<br>auf dem Feld zu beweisen. Auch wenn ich daf\u00fcr selbst einmal nicht eingesetzt werden kann.<\/li>\n\n\n\n<li>Fair-Play<br>Der Rote Stern begr\u00fc\u00dft die Gegenspieler mit einem kr\u00e4ftigen \u201eFair-Play\u201c. Fu\u00dfball ist ein<br>Knochensport und wir sind alle bereit auch mit H\u00e4rte in den Zweikampf zu gehen. Trotzdem gilt es<br>jederzeit, den Ausruf \u201eFair-Play\u201c in jeder Minute des Spiels mit Leben zu f\u00fcllen. Wir l\u00fcgen nicht. Wir<br>machen keine Schwalben. Wir lassen uns nicht provozieren. Wir beleidigen nicht. Und wir tragen<br>Sorge daf\u00fcr, dass wir und unsere Gegner keine schweren Verletzungen davontragen. Das verbale<br>Fair-Play beinhaltet neben den Gegnern explizit auch den Umgang mit dem Schiedsrichter und allen<br>Anwesenden auf und neben dem Platz.<\/li>\n\n\n\n<li>Keine Gewalt<br>Fu\u00dfball darf emotional sein, und es darf auch mal geschrien werden. Es gibt aber keinen Platz und<br>keine Toleranz f\u00fcr \u00fcbersteigertes aggressives Verhalten. Wir sind ein Familienverein, haben z.T.<br>minderj\u00e4hrige Zuschauer:innen und wollen als Vorbilder deshalb eine sauber Au\u00dfenwirkung.<br>Rudelbildungen sind zu vermeiden oder umgehend zu schlichten. Auch die Androhung oder sogar<br>Anwendung von k\u00f6rperlicher Gewalt hat hier keinen Platz. Das gilt explizit doppelt und dreifach im<br>Vereinsleben neben dem Platz. Schwerwiegendere Diskrepanzen und Konflikte regele ich im Ernstfall<br>unter Einbeziehung von Trainer, Kapit\u00e4nen, Vorstand und\/oder Vertrauensspielern.<\/li>\n\n\n\n<li>Gleichheit und Fair-Trade<br>Im Roten Stern bekennen wir uns zur Gleichheit aller Spieler. Jeder darf sich im Rahmen einer<br>demokratischen Teilhabe einbringen. Niemandes Stimme bekommt mehr Gewicht dadurch, dass er<br>finanziell besser aufgestellt ist als ein anderer. Bei vereinsbezogenen Entscheidungen ist darauf zu<br>achten, dass finanziell schlechter aufgestellte Mitglieder trotzdem teilhaben k\u00f6nnen und sind ggbf.<br>durch die Gruppe zu unterst\u00fctzen. Dar\u00fcber hinaus versuchen wir durch faire Produkte (Trikotagen,<br>B\u00e4lle etc.) zumindest ein kleines Zeichen im Bereich \u201eFair-Trade\u201c zu setzen.<\/li>\n\n\n\n<li>Diskussionen auf dem Platz<br>Das Spiel ist unterbrochen, wenn der Schiedsrichter pfeift. Nicht anerkannte Abseitssituationen,<br>\u00fcbersehene Fouls und Diskussionen mit Mit- oder Gegenspielern d\u00fcrfen niemals dazu f\u00fchren, dass<br>ich als Spieler die Arbeit f\u00fcr die Mannschaft einstelle. Andersherum gilt die Tatsachenentscheidung.<br>Ich darf gerne \u00e4u\u00dfern, dass ich mit einer Entscheidung des Schiedsrichters nicht einverstanden bin<br>und schlechte Laune haben. Lautstarke Diskussionen mit dem Schiedsrichter \u00fcber l\u00e4ngst<br>entschiedene Situationen haben in der Geschichte des Fu\u00dfballs noch nie zu einem Vorteil gef\u00fchrt.<br>Im schlimmsten Fall schw\u00e4chen sie das eigene Spiel und die eigene Mannschaft und sind deshalb<br>nach aller M\u00f6glichkeit zu unterlassen.<\/li>\n\n\n\n<li>Hilfsbereitschaft und Engagement<br>Als Spieler des Roten Sterns m\u00f6chte ich mich einbringen und helfen. Ich muss nicht erst aufgefordert<br>werden um ab und zu auch mal die Kabine zu fegen, ein Tor zu tragen, dem Platzwart zu helfen etc.<br>Au\u00dferdem soll darauf geachtet werden, dass nicht immer die gleichen Aufgaben von den gleichen<br>Personen erledigt werden. Im Roten Stern wirken Menschen, die auch mal bereit sind zu geben ohne<br>zu fragen, was sie daf\u00fcr bekommen.<\/li>\n\n\n\n<li>Konstruktiv statt destruktiv<br>Ja, man darf sich auf dem Platz auch aufregen. Emotionen geh\u00f6ren zum Fu\u00dfball dazu.<br>Generell sollte innerhalb der Mannschaft aber ein konstruktiver Geist vorherrschen, anstatt sich in<br>Schuldzuweisungen zu verlieren. Au\u00dferdem verdient jeder Spieler, insbesondere neue oder<br>unerfahrene Spieler, ein Mindestma\u00df an Geduld und Zuspruch. F\u00fcreinander und miteinander zu<br>spielen bedeutet beim Roten Stern, bereit zu sein, sich auf etwaige Schw\u00e4chen von Mitspielern<br>einzustellen und diese durch eigene Motivation und Tatkraft zu kompensieren.<\/li>\n\n\n\n<li>Traditionen<br>Der Rote Stern ist stolz auf seine \u201ebesonderen\u201c Traditionen, die ich als Spieler nach au\u00dfen<br>mitvertrete. Dazu z\u00e4hlen insbesondere der faire Ansto\u00df, Gegnerbier und Gegnerwurst bei<br>Heimspielen, Ehrlichkeit bei Schiedsrichternachfragen, Dankbarkeit gegen\u00fcber den eigenen<br>Fans und ein generell wertsch\u00e4tzender Umgang unter allen Beteiligten.<\/li>\n\n\n\n<li>Disziplinarma\u00dfnahmen<br>Der Rote Stern hat keinen Strafenkatalog \u2013 insbesondere, weil das Punkt 5 (Gleichheit)<br>widersprechen w\u00fcrde. Aber: Wer sich entgegen der hier aufgef\u00fchrten Kernpunkte verh\u00e4lt, oder diese<br>durch gezieltes Verhalten untergr\u00e4bt, muss im Gegenzug damit rechnen, weniger Spielzeit zu<br>bekommen. Wiederholte Zuwiderhandlung kann zu einer vorl\u00e4ufigen Suspendierung f\u00fcr den<br>Spielbetrieb f\u00fchren. Die Entscheidung dar\u00fcber unterliegt dem Trainer und ist zu respektieren.<br>Ma\u00dfgebliche Verst\u00f6\u00dfe und widerholt grobes und vors\u00e4tzliches Fehlverhalten werden dem Vorstand<br>gemeldet. Dieser kann nach sorgf\u00e4ltiger Pr\u00fcfung und Anh\u00f6rung einen Ausschluss aus dem Verein<br>einleiten.<\/li>\n\n\n\n<li>Spielen muss Spa\u00df machen<br>Oberstes Ziel des Vereins ist es, seinen Mitgliedern in all ihrer Vielfalt gleicherma\u00dfen eine gute Zeit<br>zu erm\u00f6glichen. Als Spieler bin ich nicht nur hier, um mein eigenes Ego zu pushen oder mich<br>bedienen zu lassen. Es muss mir keinen Spa\u00df machen zu verlieren &#8211; aber ich bin ein fairer Verlierer,<br>wenn es darauf ankommt. Ich behandle alle Beteiligten mit dem Respekt, den ich mir selber<br>w\u00fcnsche, damit wir gemeinsam Spa\u00df an der Sache haben und uns als stolze Mitglieder der<br>Vereinsfamilie f\u00fchlen k\u00f6nnen. Es lebe der Rote Stern.<\/li>\n<\/ol>\n","protected":false},"excerpt":{"rendered":"<p>aktuelle Ereignisse machen eine \u00dcberarbeitung dieser Gebote notwendig. Unsere 11 Gebote \u2013 Der Spielerkodex<\/p>\n","protected":false},"author":2,"featured_media":0,"parent":0,"menu_order":0,"comment_status":"closed","ping_status":"closed","template":"","meta":{"ngg_post_thumbnail":0,"footnotes":""},"class_list":["post-370","page","type-page","status-publish","hentry"],"_links":{"self":[{"href":"https:\/\/roterstern.de\/index.php?rest_route=\/wp\/v2\/pages\/370","targetHints":{"allow":["GET"]}}],"collection":[{"href":"https:\/\/roterstern.de\/index.php?rest_route=\/wp\/v2\/pages"}],"about":[{"href":"https:\/\/roterstern.de\/index.php?rest_route=\/wp\/v2\/types\/page"}],"author":[{"embeddable":true,"href":"https:\/\/roterstern.de\/index.php?rest_route=\/wp\/v2\/users\/2"}],"replies":[{"embeddable":true,"href":"https:\/\/roterstern.de\/index.php?rest_route=%2Fwp%2Fv2%2Fcomments&post=370"}],"version-history":[{"count":4,"href":"https:\/\/roterstern.de\/index.php?rest_route=\/wp\/v2\/pages\/370\/revisions"}],"predecessor-version":[{"id":479,"href":"https:\/\/roterstern.de\/index.php?rest_route=\/wp\/v2\/pages\/370\/revisions\/479"}],"wp:attachment":[{"href":"https:\/\/roterstern.de\/index.php?rest_route=%2Fwp%2Fv2%2Fmedia&parent=370"}],"curies":[{"name":"wp","href":"https:\/\/api.w.org\/{rel}","templated":true}]}}